/6 - (-23)/3. Let z = m + -4. Suppose -z - 11 = 3*o. Let u(x) = x**3 + 5*x**2 - x - 2. Give u(o).
3
Let u(t) = t**3 - t**2 + t - 1. Let l(m) = 2 - 4 + 2 - 7*m - m**2 - 4. Let b be l(-6). Calculate u(b).
5
Let w(j) be the first derivative of 1 + j + 0*j**3 - 3/4*j**4 + 0*j**2. Let m be (2/2)/((-2)/(-2)). Determine w(m).
-2
Let y(d) = d**3 - d**2 - d. Let a be y(3). Suppose -5*m = -0 + a. Let s(j) = j**3 + 2*j**2 - 3*j + 1. Determine s(m).
1
Let f(w) = -2*w + 1. Suppose 5*c - 16 = c. Suppose o - 4 = d, -5*d - c*o = -5*o. Calculate f(d).
-1
Suppose 2*z = 6*z + 12. Let n(f) = -5*f**2 - f + 9. Let q(m) = -m**2 + 2. Let r(l) = 2*n(l) - 9*q(l). Calculate r(z).
-3
Let z(p) = -2*p**3 - 1. Let t be z(1). Let m = t + 1. Let q(i) = i**3 + 2*i**2 - i - 1. Calculate q(m).
1
Let a(j) = j - 3. Let z(g) = 3*g - 12. Let v be z(5). Suppose 8 = 4*n, 2*k - 2 = 3*n - 0. Suppose -v*t = -k*t + 2. Determine a(t).
-1
Suppose 5*r - 15 = -5*p, -3*p + 3*r = r + 6. Suppose -y - 1 + p = 0. Let s(j) = -4*j + 6. Let f(b) = 5*b - 7. Let g(c) = 5*f(c) + 6*s(c). Calculate g(y).
0
Let j be -2 + (-8)/(-2) + 1. Suppose -b + 2*r = 0, -4*r = -j - 5. Let v(m) = m**2 - 5*m + 5. Calculate v(b).
1
Let g(x) be the second derivative of -1/6*x**3 - 3*x + 0 + 5/2*x**2. What is g(4)?
1
Let q(v) = v**2 + 6. Let l = -7 - -7. Let o be 1*(l + -3) + 7. Let a = o + -4. Calculate q(a).
6
Let t(l) = l**2 - 2*l + 8. Let z be t(3). Let u(m) = m**3 - 11*m**2 - m + 10. Determine u(z).
-1
Let m = 3041/20 + -152. Let g(i) be the second derivative of -m*i**5 - 3*i + 0*i**2 - 1/6*i**3 + 0 - 1/12*i**4. Give g(-2).
6
Let x(j) = j**3 + 6*j**2 - 6*j + 1. Suppose -2*r + 7*r = -35. Calculate x(r).
-6
Suppose 20*s = 18*s - 8. Let p(d) = d**3 + 5*d**2 + 2. Calculate p(s).
18
Let k = 25 - 19. Let c(n) = -n**3 + 7*n**2 - 7*n - 3. Calculate c(k).
-9
Let a = 2 - 1. Let v be (0 - 1/a)*-1. Let z(h) = 5*h**3 - h**2 + h. Determine z(v).
5
Let m(w) = 4*w**2 - 20*w + 15. Let a(j) = j**2 - 5*j + 4. Let o(y) = -9*a(y) + 2*m(y). Determine o(4).
-2
Let c = -6 + 9. Let p(g) = 12*g + 10. Let o(w) = -w - 1. Let x(t) = 22*o(t) + 2*p(t). Determine x(c).
4
Let j(z) = 0 + z - 4 - 2 + 7. Let b(l) = l**3 - l**2 + l - 5. Let t be b(0). Let f be j(t). Let g(s) = s**2 + 3*s - 2. Calculate g(f).
2
Let h = 29 - 34. Let c(p) = -p**2 - 5*p - 3. Determine c(h).
-3
Let b(m) = -3*m + 1. Let j = -3 + 15. Let c = 1 - 0. Suppose 9 = -2*u - 2*v + c, 0 = 2*u - 2*v - j. What is b(u)?
-2
Suppose -8 = -2*i + 2. Let k(g) = -g**3 + 5*g**2 - 2*g + 3. Determine k(i).
-7
Let b(q) = -12 - q + 32 + 0*q + 2*q - 11. Let c(n) = -6*n. Let s be c(1). What is b(s)?
3
Let y(i) be the third derivative of -i**6/120 + i**5/60 + i**4/4 - i**3/2 - 21*i**2. Give y(4).
-27
Let q(x) = -x - 5. Suppose 87 = -3*l + 3*g, 3*l + 0*g - g = -93. Let k be (l/12)/((-4)/6). Let s be 120/(-28) + k/14. What is q(s)?
-1
Let f(r) = 3*r**2 + r + 1. Let p be f(-1). Let u(q) = p*q**2 + 0*q**2 - 4*q**2 - 4*q**3. Calculate u(-1).
3
Let l(m) = -2*m - 1. Suppose 4*g = 4*r + r + 23, 4*g - 25 = 3*r. Give l(g).
-15
Let t(b) be the first derivative of -b**4/4 + 4*b**3/3 + b**2 - 3*b + 1. Suppose 3*v + 8 = -c + 6*c, 5*v - c - 16 = 0. Determine t(v).
5
Let m(z) = -z - 5. Suppose -2*y = -10 + 2. Suppose 25 + 3 = y*k. Let g(j) = -2*j - 11. Let o(d) = k*m(d) - 3*g(d). What is o(-2)?
0
Let h = -5 + 7. Let r(f) = -f - 2 + h*f - 2*f**2 + 3*f**2 + f. What is r(-3)?
1
Let b be (9/(-6))/((-2)/(-12)). Let z be (4/12)/((-3)/b). Let c(i) = 8*i**3 + i. Determine c(z).
9
Let k(r) = 3*r**2 - 1. Let j be k(-1). Let d(x) = -4 + j + 2 - x. What is d(5)?
-5
Let d(o) = 2*o**3 + 8*o**2 - o + 2. Let w(h) be the second derivative of -3*h**5/20 - 3*h**4/4 - h**2/2 + 2*h. Let f(n) = -4*d(n) - 3*w(n). Give f(4).
-5
Let z(w) = w**2 - w + 2. Let a(l) = -2*l**2 + 2*l - 2. Let t(o) = -2*a(o) - 3*z(o). Let m be t(0). Let n(d) = d - d**2 - 3*d**2 + 5*d**2 + 1. Give n(m).
3
Let v(g) = g**2 - 6*g - 7. Let m(p) = -3*p**2 + 17*p + 20. Let y(o) = -2*m(o) - 7*v(o). Let a = 21 - 12. Give y(a).
0
Let v(g) = -2*g + 2*g - 2*g. Let z = -13 + 13. Suppose 3*x - 2*x - 2 = z. Calculate v(x).
-4
Suppose -5*a - 2 = c - 27, 5*c = 2*a + 17. Suppose 2*n = c + 1. Let x(y) = -2*y**3 - n*y**3 - 1 + 4*y**3 - 3*y**2 - y. What is x(-3)?
2
Let w(z) = -4*z**3 - 4*z**2 + 5 + 3*z**3 - z**2 + 1 + 9*z. Give w(-6).
-12
Let p = 13 - 8. Let f = -4 + p. Let j(b) = 4 + f + 1 - 5 + b. Determine j(1).
2
Let g(w) = -w**3 + 4*w**2 - 5*w - 1. Let c(d) = -d**3 + 5*d**2 - 6*d. Let n(r) = -5*c(r) + 6*g(r). What is n(0)?
-6
Let a(o) = o**2 - 11*o + 8. Let u be (7/3)/(12/9 - 1). What is a(u)?
-20
Let q(z) be the third derivative of -z**4/24 - z**3/6 - 3*z**2. Determine q(-3).
2
Let h(n) = 3*n**3 + 1 - 2*n + 2*n + 2*n. Let i be h(-1). Let z(t) = -3 - 3*t + t**2 - 3 + 4 - 2*t**2. Give z(i).
-6
Suppose 2*d - 4*t + 6 = 0, -4*d + 2*t + 13 - 1 = 0. Suppose 0 = 2*q - d*q. Let x(i) = i**3 - i**2 - 1. Determine x(q).
-1
Let u(a) be the second derivative of -a**6/360 + a**5/40 + 2*a**4/3 + 3*a. Let n(t) be the third derivative of u(t). Give n(6).
-9
Let v = -7 + 9. Let n = 5 - v. Let c(u) = 0*u + 3*u - n*u - 4 - 3*u. What is c(-4)?
8
Let z(h) = h**2. Suppose -4*u - 32 = -f, 10 = f - u - 34. Suppose 5*b + 4*t = f, 18 = 5*b - 2*b - 3*t. Suppose 21 = -3*x + 3*s, -4*s + 2 = 5*x - b. Give z(x).
4
Let o = 20 + -26. Let b(s) = -s**3 - 6*s**2 + 2*s + 4. What is b(o)?
-8
Let o(r) be the second derivative of -r**4/12 + r**3/6 - 3*r**2/2 + 22*r. Calculate o(4).
-15
Suppose -3*o - 1 = z + 5, 4*z - 5*o - 44 = 0. Let x(b) = -4 - 1 + 3 - b. Determine x(z).
-8
Let r(q) = -q**2 + 2*q - 3. Let p(z) = -z**2 - z. Let o be p(2). Let u be (-4)/3*45/o. Let j(k) = -k**3 + 10*k**2 - k + 13. Let m be j(u). Determine r(m).
-6
Let b(w) = -w**3 + w**2 + w. Let s be (-11)/(-3) + 16/(-24). Calculate b(s).
-15
Let n = 44 - 26. Suppose -n = -3*q - 2*r + 10, 0 = 4*q - 5*r - 45. Suppose -2 - q = 3*z. Let w(k) = k**3 + 4*k**2 + k + 4. Determine w(z).
0
Let k = -11 - -14. Let l be (-2)/(k - (-10)/(-3)). Let w(s) = s - 8. What is w(l)?
-2
Let p(d) = -d + 2. Let t = -6 - -8. Suppose 2*o - 3*o + t = 0. Let j be p(o). Let m(n) = -n**2 - n + 3. What is m(j)?
3
Let t(k) = -k**3 + 6*k**2 - 4*k - 3. Let a be t(5). Let c(d) = -4*d**2 - d + d**2 + a*d**2 + 5*d**3. Let p = -26 - -25. What is c(p)?
-5
Let g(c) be the first derivative of 2*c**3 - c**2 - c + 2. Suppose -5*d - 35 = 5*u, u + 3*d - 9 = -2*d. Let x = 10 + u. Give g(x).
7
Let s = 1 - -1. Let u(a) = s*a**2 + 6*a + 3 - 6*a**2 + 5*a**2. Let h be 0 - -3 - (-35)/(-5). Give u(h).
-5
Let j(v) = -v**3 + 2*v**2 - v + 4. Suppose -34 = 5*h + i + 3*i, 5*i - 19 = 4*h. Let t = h - -27. Suppose r - 2*g - 2*g - 15 = 0, -4*g = -3*r + t. Give j(r).
-8
Let p(n) = n**2 + n + 13. Suppose -4*u - 16 = -5*g, -g + 6 = -u + 2. Determine p(g).
13
Let s(c) be the third derivative of -c**6/120 + c**5/12 + 5*c**4/24 + 5*c**3/6 + 55*c**2. Suppose 5*n + 3*v = 26 + 7, 4*v - 22 = -3*n. Calculate s(n).
-1
Suppose s = -s, -2*s = 2*v + 16. Let k be (-4)/(-16) + (-38)/v. Let j(n) = -2*n + 7. Calculate j(k).
-3
Suppose 0 = 3*z - 12 - 3. Let f(p) = p**2 - 5*p + 6. Calculate f(z).
6
Let p = -11 - -15. Let a(j) = j**2 - 3*j - 5. Determine a(p).
-1
Let b(a) = a - 6. Let z be b(7). Let s be ((-1)/3)/(z/(-9)). Let o(f) = f. Let u(j) = -j**2 + j - 4. Let n(h) = 2*o(h) + u(h). Determine n(s).
-4
Let p(t) = 5*t + 2. Let w(d) = 12*d + 5. Let n(c) = 5*p(c) - 2*w(c). Suppose 0 = 3*i - 2*i - 6. Determine n(i).
6
Suppose -p = 2*u + p + 8, -u + 5*p + 14 = 0. Let o(m) = -9*m + 7. Let a(n) = -4*n + 4. Let c(x) = -5*a(x) + 3*o(x). What is c(u)?
8
Let y(t) = 594*t + t**3 + 7 + 6*t**2 - 594*t. Determine y(-6).
7
Let c(w) be the second derivative of -w**7/2520 - w**6/240 + 7*w**5/120 - w**4/12 - 3*w. Let k(m) be the third derivative of c(m). Determine k(-6).
-11
Let s(f) = -2*f**2 - 2*f - 2. Let r(h) = 6*h**2 + 6*h + 6. Let a(j) = -4*r(j) - 11*s(j). Give a(-2).
-6
Let s(r) = 4*r**2 + 0*r**2 - 12*r**3 - 5*r**2 + 2*r**2. Determine s(1).
-11
Let x(t) = -4*t**2 + 9*t - 8. Let r(d) = -3*d**2 + 9*d - 7. Let i(f) = -5*r(f) + 4*x(f). Let s be i(-9). Let v(j) = j**3 - 3*j**2 - 2*j + 3. Calculate v(s).
-3
Let x(q) = 7*q. Let z(a) = 3*a. Let w(n) = -6*n + 2. Let k be w(1). Let g(s) = k*x(s) + 9*z(s). Calculate g(3).
-3
Let c(s) = s**2 + s. Let w